Let u(d) be the second derivative of -15*d**3/2 + 21*d**2 + 30*d + 3. Let x be u(1). Let y(n) = -n**3 - 3*n**2 + n. Calculate y(x).
-3
Let s(n) = -n + 12. Let u(k) = -2*k - 64. Let z be u(-28). Let h(w) = w**3 + 8*w**2 - 2*w - 16. Let f be h(z). What is s(f)?
12
Let r be (-1540)/60 - (-42)/9. Let g(u) = u**3 + 19*u**2 - 41*u + 37. Determine g(r).
16
Let t(y) = -y**2 + 14*y - 42. Let x = -8058 + 8061. Give t(x).
-9
Let o(m) = 2*m**3 - 19*m**2 + 25*m - 3. Suppose 4*v = -37*j + 42*j - 76, v = 4*j - 41. Determine o(j).
5
Let y(k) = 2*k**2 - 4*k + 13. Let c be -8 - (-1 - -1)*(3 + -4). Let o be y(c). Let m(l) = 1 + 354*l - o*l - 180*l + 2*l**2. Give m(-2).
7
Let n(m) = -m**3 - 5*m**2 + 5*m - 1. Suppose 0 = -4*a - 4*a + 672. Suppose 0 = 4*z - 0*z - a. Suppose z = -5*k - 9. Determine n(k).
5
Suppose 133*l - 153*l - 240 = 0. Let m(y) = -y**3 - 13*y**2 - 13*y - 10. Calculate m(l).
2
Let c(o) = -5*o**2 + 2*o - 2. Let s be 35/(-45) + 1 - 176/(-18). Suppose -s*y + 7 = -13. Give c(y).
-18
Let y be 14/154 - 327/(-33). Let i be 0 - 16 - (y - 15). Let q(g) = -g**3 - 10*g**2 + 10*g - 17. Determine q(i).
-6
Let n(f) be the first derivative of 3*f**2/2 - 29*f + 533. Determine n(12).
7
Let b(n) = 9*n + 4. Let h(o) = -9*o - 5. Let j(f) = 6*b(f) + 5*h(f). Let u = 36 + -38. Let d be (u/(-6)*(3 + 0))/(-1). Calculate j(d).
-10
Let s(f) = -f**2 - 39*f + 37. Let l(u) = 2*u**2 + 61*u - 73. Let y(a) = 3*l(a) + 5*s(a). Give y(14).
-6
Let y(t) be the second derivative of 7*t**3/6 + 13*t**2 - 19*t - 14. What is y(-7)?
-23
Let w(h) = h**3 - h. Let s(g) = -2*g**3 + 2*g**2 - 10*g - 7. Let z(p) = s(p) + 3*w(p). Calculate z(-4).
13
Suppose 420 = 55*t - 790. Let b(r) be the third derivative of -t*r**2 - 5/12*r**4 - 1/60*r**5 + 0*r + 0 - 3/2*r**3. What is b(-8)?
7
Let q(o) = -o**3 + 10*o**2 + 2*o + 6. Let c(l) = 2*l**2. Let n(p) = -p**3 - 20*p**2 + 43*p - 24. Let h be n(-22). Let f(r) = h*c(r) + q(r). Calculate f(6).
18
Suppose -3*n = -n. Let f(j) = -j**3 + j**2 - 9*j - 11. Let y(d) = -22 - 43*d**2 - 2*d**3 - 16*d + 83*d**2 - 38*d**2. Let i(x) = -7*f(x) + 4*y(x). Give i(n).
-11
Let j(b) = b**3 - 7*b**2 + 16. Let p = 8507 - 8500. Calculate j(p).
16
Suppose 0 = 3*p - 840 + 417. Suppose -131 = -k - p. Let s(h) = -h - 19. What is s(k)?
-9
Suppose 0 = -3*z - 0*x + 5*x - 27, 5*z + 17 = -x. Let n(i) = 6 - 4 - i + 4*i**2 + 25*i**3 + 1 - 24*i**3. Calculate n(z).
7
Let v = -10569 + 10550. Let b(s) = -10*s - 186. What is b(v)?
4
Let f(l) = 2*l - 18. Let p(h) = 5*h - 69. Let t(g) = 4*f(g) - p(g). Give t(-7).
-24
Let b(h) = 61*h - 13. Let p(r) = 102*r - 26. Let t(x) = -5*b(x) + 3*p(x). Let s = -3 - -5. Suppose 0 = m + s*m. Calculate t(m).
-13
Let u(b) = -21089*b**2 + 10504*b**2 - 12 + 10584*b**2 - 10*b. Let m = 13 + -22. Give u(m).
-3
Suppose 28*t - 41*t = -91. Let l(o) = -10*o - 1 - 22*o**3 - t*o**2 + 18*o**3 + 3 + 3*o**3 + 4*o. Determine l(-6).
2
Suppose -200*p - 122*p - 122 - 8894 = 0. Let q(c) = -4*c - 121. Calculate q(p).
-9
Let g(j) be the second derivative of -7*j**4/4 - j**2/2 - 643*j - 2. Give g(-1).
-22
Let y(j) be the third derivative of 5/6*j**3 + 1/30*j**5 + 0*j + 0 + 7/24*j**4 - 48*j**2. Let i be 4/(-6) + (-65)/15. Determine y(i).
20
Let o be (-34)/17 - ((-75)/(-5))/(-3). Let f(q) = -q**3 + 3*q. Calculate f(o).
-18
Let y(n) = 6*n**2 - 105*n + 50. Let l be y(17). Let d be 2 + 1 + 0 + -2. Let u(r) = 7*r + 5 - 5 + d. Give u(l).
-6
Let x(b) = 3*b + 29. Let t = 98 + -90. Suppose 12*h + t = -136. Determine x(h).
-7
Let y(z) = -14*z + 10. Let a(i) = -i + 12. Let o be a(8). Calculate y(o).
-46
Let h(v) = 3*v + 1. Suppose -3*s = -4*y, -s = -y - 0*s + 1. Let w be (4 - 4) + (y + 3)/1. Suppose w*n - 5*n + 5 = 0. Determine h(n).
4
Let v(f) = -6*f + 7. Let l be ((-6)/(-4))/(15*(-16)/(-640)). Determine v(l).
-17
Suppose 2*x - 56 = 2*n, -3*n - 5 = 4. Suppose x*g - 54 = 21. Let p(f) = -f - 4. Let z(a) = a + 8. Let j(l) = -7*p(l) - 4*z(l). Give j(g).
5
Let j be -6*((-11)/(-2) + 2392/(-368)). Let y(t) = t**2 + t. Let b(d) = -d**3 + 12*d**2 - d. Let s(f) = b(f) - 5*y(f). What is s(j)?
0
Let n(g) be the first derivative of -g**6/120 + g**5/20 - 5*g**4/24 + g**3/2 + g**2/2 + 4*g - 152. Let p(j) be the second derivative of n(j). What is p(4)?
-33
Let v(q) = -q**2 - 10*q + 2. Let c(a) = 2*a**2 + 75*a - 33. Let g be c(-38). Suppose w = -g*i - 18, -67*i + 10 = -72*i. Determine v(w).
18
Let v(f) = f**2 - 4 - 9659*f + 19322*f + 11*f**3 - 9666*f. What is v(-2)?
-82
Suppose f + 7*p - 2*p = 302, -604 = -2*f - 4*p. Let m(a) = 0*a - 2 - 3*a + f*a**3 - 303*a**3 - 2*a**2. Suppose 4*r + 11 = -1. Determine m(r).
16
Let o(x) be the third derivative of x**4/3 + 79*x**3/3 + 3265*x**2. Determine o(-20).
-2
Let a(v) = -65*v - 73*v - 7 - 72*v + 208*v. Let r = -4 + -2. What is a(r)?
5
Let n(z) = 47*z**3 - 70*z**2 - 11*z - 4. Let i(v) = -17*v**3 + 24*v**2 + 4*v + 2. Let a(x) = -11*i(x) - 4*n(x). What is a(16)?
-6
Suppose -15 = 3*t, -18 = 2*z - t - 13. Let q(n) = -3*n**2 - 8*n - 10. Give q(z).
-45
Let w(h) = -3*h**2 + 5*h**2 + 3*h - h**2 + 4. Let p be 16/28 - -2*(-7)/((-98)/(-32)). Give w(p).
8
Suppose 2*v - 30 + 33 = 3*v. Let y(r) be the first derivative of 5*r - 5/2*r**2 - 1/3*r**v - 26. What is y(-5)?
5
Let a be 90/(-110) + 4/(-22). Let t be (8/(-24)*1)/(a/6). Let p be (-4 - 88/(-16))/(1/t). Let f(x) = x - 4. Give f(p).
-1
Let n(h) = -h**3 + 14*h**2 - 14*h + 19. Let j be n(13). Let p(d) = -j*d + 2*d - 12 - 2*d + 14 - d**2. Determine p(-6).
2
Let g(l) be the first derivative of l**2/2 - 5*l - 1. Suppose 0 = -19*h + 10*h - 5769. Let j = h - -646. Give g(j).
0
Let n(c) be the third derivative of -13*c**4/24 - 4*c**3/3 - 5*c**2 - 89*c. Calculate n(0).
-8
Let q(u) = -2*u + 2. Let i(f) = -f**2 + 4*f - 1. Let z be i(3). Let n(p) = 3 + p**3 + 3*p + 2*p - 56*p**z + 49*p**2. Let k be n(6). Determine q(k).
8
Suppose -31*k + 30 + 81 = -44. Suppose 3*y = y + 14. Let i(g) = -g**3 - 2*g + 4*g**2 - 1 + y*g - 5. What is i(k)?
-6
Let m(j) = 53 + 10*j - 168 + 11*j - j**2. Let y be m(9). Let w(l) = -2*l + 7. What is w(y)?
21
Let m(v) = -v**3 + 83*v**2 - 349*v - 3201. Let a be m(78). Let h(s) be the second derivative of s**3/2 + s**2 - s. Give h(a).
-7
Let w(z) = -3*z. Let x(g) = 7*g + 0*g + 0*g**2 - g**2 - g. Let h be (4 + -6)/(4/10). Let t(u) = h*w(u) - 3*x(u). Determine t(2).
6
Let u(z) be the first derivative of -z**3/3 + 7*z**2 - 18*z + 1501. Let n be (-4 - -3) + 39/3. What is u(n)?
6
Let i = -31707 + 31706. Let v(d) = -1 + 22*d**3 + 0 + 0*d - 2*d. What is v(i)?
-21
Let d(n) = n**2 + 10*n + 16. Let k(x) = -3*x - 24. Let h be k(-5). Let z be (-1)/(2*5/(-10))*h. Give d(z).
7
Let p(g) be the third derivative of -g**4/8 + 85*g**3/6 + 4009*g**2. What is p(0)?
85
Let b(l) be the first derivative of -l**4 - l**3/3 + l**2/2 + 354. Let p(z) = 11*z**3 - 3*z**2 + 6*z + 5. Let r(j) = -3*b(j) - p(j). Give r(-7).
9
Let w(n) = -3*n + 2*n + 2 + 0*n. Let y = 18864 + -18869. Give w(y).
7
Let z(v) be the second derivative of -v**5/60 + 7*v**4/24 + 7*v**3/3 - 122*v**2 + 3*v - 2. Let b(c) be the first derivative of z(c). Calculate b(9).
-4
Let l(c) = -c**2 - 23*c - 66. Let k = 16231 + -16247. Calculate l(k).
46
Let z(r) = 5*r**3 + 5*r**2 + r. Suppose 0 = -3*u + 15, 321*o - 320*o + 2*u = 8. Determine z(o).
-22
Let i(t) = t**2 + t - 1. Let p(g) = -5*g**2 - 12*g + 17. Let r(s) = 6*i(s) + p(s). Let b be 672/24 + 19/(-4 - -3). Give r(b).
38
Let l(c) = c + 43. Suppose -111 - 21 = -12*t. Suppose -t*p = -0*p - 2*p. Give l(p).
43
Let o(l) = 3*l + 2. Let y(z) = 17*z + 15. Let p(r) = 4*o(r) - y(r). What is p(8)?
-47
Suppose -3*j - 10 = 2*l, -184*j = -179*j + l + 5. Let x(t) be the second derivative of j*t**2 - 7/6*t**3 + 0 + 2*t. Give x(1).
-7
Let s = -74 + 90. Let n be (-8 - -10)/(-2 - s/(-6)). Let k(o) = 7*o**3 + 2*o - 4*o**3 + 8 - 2*o**n + 0*o**3 + 8*o**2. What is k(-8)?
-8
Let q = -15734 - -15738. Let m(r) be the third derivative of -1/60*r**5 + 2/3*r**3 + 0*r**q + 19*r**2 + 0 + 0*r. Determine m(-4).
-12
Let u(m) = 3*m + 2. Let k = 269 + -104. Let b = -159 + k. Calculate u(b).
20
Suppose 431 = -4*u + 5*o + 384, -4*u + 3*o = 33. Let j(l) be the second derivative of 0 - l - 3*l**2 - 1/6*l**3. Calculate j(u).
-3
Let h(d) = 22 - 10 - 2*d + 4. Let n = 374 + -367. Give h(n).
2
Suppose 235*c - 240*c + 10 = 0. Let a(u) = -9 + 2 - c - u - 1. Give a(0).
-10
Let v(q) = 3*q